Suppose q = -3*o + 2959. Let b = -28 - -45. Calculate the highest common divisor of o and b.
17
Suppose 315 = -3*o - 3*j, 3*o = 3*j - 298 - 35. Let p = -52 - o. Calculate the highest common divisor of p and 140.
28
Let b be (1 - 2)/(1/(-99)). Let n = 91956 + -91934. Calculate the highest common divisor of b and n.
11
Let j(g) = 33*g + 21. Let y be j(-1). Let r be ((-27)/y)/((-5)/3520*-6). Calculate the highest common factor of 66 and r.
66
Suppose 0 = 28*x - 25*x - 180. Suppose -5*j + 3*q = -261, j + 2*q - x = -0*q. Let m = 172 - 100. Calculate the greatest common divisor of j and m.
18
Suppose 3*m + 4*c - 220 = 200, -m + 140 = 3*c. What is the greatest common divisor of m and 756?
28
Let g(h) = h**3 - 97*h**2 - 404*h + 116. Let z be g(101). Calculate the greatest common factor of 2378 and z.
58
Suppose f + w - 111 = 0, 4*f + 49*w = 51*w + 468. What is the highest common factor of 400 and f?
5
Let s(l) = 224*l**2 - 77*l - 79. Let g be s(-1). Calculate the greatest common divisor of g and 370.
74
Let y(d) = 277*d**2 + 60*d. Let t be y(3). Calculate the greatest common divisor of 44 and t.
11
Let p = -11545 - -11826. Calculate the greatest common divisor of p and 1.
1
Let y(g) = -2*g**3 + 10*g**2 + 7*g - 1. Let x be y(8). Let f = -157 - x. What is the highest common factor of f and 43?
43
Let w = -123 - -120. Let v be (38/(-57))/(w/(2 + 16)). Calculate the greatest common divisor of 20 and v.
4
Let q be (-66)/154 - ((-19)/(-7))/(2/(-74)). What is the highest common factor of 265 and q?
5
Suppose 269*o = 273*o - 5*i - 113, -3*i = -2*o + 59. Calculate the highest common factor of 3487 and o.
11
Suppose 18*c = 14*c + 206 + 250. What is the greatest common divisor of 6802 and c?
38
Suppose 4*p - 249 - 1731 = 0. Suppose 4*m + 3*h - 395 = 0, -5*m - 6*h + p = -h. What is the highest common divisor of m and 14?
14
Let g = 317 + -377. Let f = -59 - g. Suppose 0 = -i + 2 - 1. Calculate the highest common factor of i and f.
1
Let i be (-6)/(-8) + 62/(-8) + 1. Let l be 2/8 + (-3521)/(-28) + i. Suppose 0 = 30*x - 25*x - l. What is the greatest common factor of 72 and x?
24
Let l = -6252 - -6440. What is the highest common factor of 47 and l?
47
Let t be -2*81/6 + -2. Let v be -5 - (-11)/2 - t/2. Let f be v*(2 - (-1 + -1)). What is the highest common factor of 15 and f?
15
Suppose -4*k + 6203 = x, 0 = 2*x + 2*k - 2094 - 10300. Calculate the highest common factor of 231 and x.
21
Let k(r) = -r**2 - 23*r - 65. Let h be k(-19). Suppose -2*d = 9 - h. What is the highest common factor of d and 2?
1
Let u(s) = -s**3 + 13*s**2 - 11*s - 64. Let j be u(8). Let p = 8 - -118. Calculate the highest common divisor of j and p.
42
Let u(i) = 50*i**2 + 351*i - 352. Let o be u(1). What is the highest common factor of o and 56?
7
Let r be 5/(-850)*-2567 - 2/20. Suppose -2 = -3*s + 10. Suppose -2*c + w = -31, -3*c + s*w + 19 = -2*c. What is the highest common divisor of c and r?
15
Suppose -k = -1, p - 3*k - 212 = k. Calculate the greatest common factor of p and 136.
8
Suppose h + 2*s = -130 - 41, -2*h - 5*s - 338 = 0. Let q = h + 74. Let k = 116 + q. Calculate the highest common divisor of k and 176.
11
Suppose -28*c - 36*c = 69*c - 10241. What is the greatest common divisor of 253 and c?
11
Let q be 3 - 0 - 24/4. Let d(a) = -7*a**3 - 2*a**2 - 9*a - 15. Let w be d(q). Calculate the highest common factor of 122 and w.
61
Let x be (-42)/(-4)*(244 + -242). Calculate the greatest common divisor of 4893 and x.
21
Suppose -3*v = -3*o - 174 - 42, -3*o + 246 = 4*v. Let g(u) = 23*u**2 + u - 6. Let h be g(2). What is the greatest common factor of v and h?
22
Let d be 3/3*-10*4/(-8). Suppose 0 = d*t - 5*f - 210, 12*f - 11*f = -5*t + 198. Calculate the greatest common factor of t and 70.
10
Let j be ((-1342)/88)/((-3)/(-36)). Let s = j - -419. Calculate the highest common divisor of s and 413.
59
Let i be (7/1 - 8/(-24)*-1446)/(-1). What is the greatest common factor of i and 19?
19
Let j be ((4/14)/(1/7) - 4) + 278. Calculate the highest common factor of j and 24.
12
Let r be (-3 + (-208)/6)/((-1)/9). Let j = -127 + r. Suppose 8*m - 44 = j. What is the greatest common divisor of 48 and m?
16
Suppose 76*d + 3*o = 74*d + 138, 90 = 2*d - 3*o. Calculate the greatest common factor of d and 8455.
19
Let i = 502 - 496. Suppose h = -i*k + 4*k + 40, 0 = -k - 2. Let z(p) = -p**3 + 5*p**2 - 5. Let y be z(4). What is the greatest common divisor of y and h?
11
Let b be 32 + 6004 - 3*(2 - 3). What is the greatest common divisor of 99 and b?
99
Let r(x) = -4444*x - 4060. Let k be r(-1). Let h(z) = -z**3 + 8*z**2 - 3*z - 4. Let j be h(7). Calculate the greatest common divisor of k and j.
24
Let a(d) be the first derivative of 7*d**2/2 - 44*d - 132. Let c be a(14). Calculate the highest common divisor of 486 and c.
54
Let m = -15564 - -15570. What is the highest common divisor of m and 4146?
6
Let y(x) = -70*x + 28. Let v be y(0). Let c = 436 + -128. What is the greatest common factor of v and c?
28
Suppose -5*y = -3*q + 247 + 233, 4*y + 800 = 5*q. Calculate the highest common factor of q and 704.
32
Let d be (3/4)/(5/2640). Calculate the highest common factor of 5742 and d.
198
Suppose 5*b = -5*r + 7 + 108, 4*r = 4*b - 52. What is the highest common divisor of 192 and b?
6
Let y(q) = -5*q**2 + 25*q + 290. Let u be y(-11). Let i = u - -840. What is the greatest common divisor of i and 150?
50
Let j(p) = -543*p + 726. Let n be j(-1). Calculate the highest common divisor of 2 and n.
1
Let t(j) = 487*j - 4955. Let l be t(13). Calculate the greatest common factor of l and 160.
32
Suppose 166 = -2*a - 56. Let z = -83 - a. Let k be (4 + -2)*7*3. Calculate the highest common factor of z and k.
14
Let q be (1*163/(-2))/(5/(900/(-18))). Calculate the greatest common factor of 1793 and q.
163
Let r be 1/(-17 + (-25069)/(-1474)). What is the greatest common factor of r and 1273?
67
Suppose -39*z + 1839 + 5158 = -374. What is the greatest common divisor of 1 and z?
1
Suppose 2*y + 4*t = 1 + 11, 0 = -3*t + 6. Suppose -50*i - 4*w + 728 = -48*i, y*i - 2*w - 716 = 0. Calculate the highest common factor of 40 and i.
40
Let o be -3 + 128/28 + 6/14. Let d be 8 + (-6)/2 + (3 - o). Let s(q) = -6*q. Let m be s(-5). Calculate the highest common factor of d and m.
6
Suppose 20*l - 19*l - 94 = 0. Let t be (85/(-10) - -8)*-470. What is the greatest common divisor of l and t?
47
Suppose 0 = 3*p - 5*o - 665, 0 = 3*p + 82*o - 83*o - 637. Calculate the highest common factor of p and 462.
42
Suppose 0 = -3*d - 0*d + 8*d. Suppose h + 2 = -d, 2*o + 5*h = 56. What is the highest common divisor of o and 231?
33
Let g(j) = 39*j**2 + 1. Let w be g(1). Let c = -200 - -205. Suppose -140 = -2*u - c*n, -4*n = -2*n + 8. Calculate the greatest common divisor of w and u.
40
Suppose -266 = -4*c - 5*s, -23*c + 26*c - 153 = 4*s. Let d = 202 - -93. What is the highest common factor of c and d?
59
Let g = 4852 + -4504. Calculate the greatest common factor of g and 48.
12
Suppose 4*p + 0*a = 5*a + 2152, -2*a = p - 525. Let y(g) = -458*g - 2722. Let b be y(-6). Calculate the greatest common factor of p and b.
13
Let f(k) = 463*k - 1745. Let y be f(5). Calculate the highest common factor of y and 456.
114
Let v be ((-2)/4*-1)/((-1)/58). Let l be (v + -1)*(14/(-3))/7. Let i = -7 + l. Calculate the highest common divisor of 143 and i.
13
Suppose 14*l = 20*l - 15*l + 17766. What is the highest common factor of l and 63?
21
Let b be (-12)/(-3)*(-18)/(-12). Suppose 0 = b*f - 12*f + 6. Suppose -3*q - 27 = -6*q. What is the greatest common divisor of f and q?
1
Let i be (0 - (-116)/(-16))*-28. Suppose 0 = -2*g - 5*k - 189, 6*k = 5*g + 2*k + 456. Let w = i + g. What is the greatest common divisor of 37 and w?
37
Suppose -74*u = -96*u + 511566. What is the greatest common factor of u and 69?
69
Let b(g) = 191*g + 2562. Let o be b(-13). Calculate the highest common factor of o and 15563.
79
Suppose 0 = 5*z + 2*j + 1, -5*z + 26*j = 27*j - 2. Let i be (-18)/(-3) + -7 + z + 2. What is the greatest common divisor of 10 and i?
2
Suppose 0 = -4*q + 14 - 2. Suppose 9*s - 6*s - q = 0. Suppose -47 = -5*w + 3*u, -22 - s = -2*w - 3*u. What is the greatest common factor of w and 5?
5
Suppose -61*f + 16125 + 32793 = -2078. What is the greatest common factor of f and 132?
4